 base 4, what is 212033 - 211011?
1022
In base 10, what is -17 - -17833357?
17833340
In base 4, what is 101111 + 223021331?
223123102
In base 10, what is -16401 + 1005?
-15396
In base 2, what is -1011110000111100000000101111 - -100?
-1011110000111100000000101011
In base 8, what is 5066342 - -45?
5066407
In base 8, what is 7244 + -6706?
336
In base 14, what is -1 - 43448a?
-43448b
In base 4, what is -30 + 230012001020?
230012000330
In base 11, what is 1 + 4719121?
4719122
In base 13, what is 0 + -32524b?
-32524b
In base 16, what is 6a + -2443?
-23d9
In base 8, what is 6604 - 10752?
-2146
In base 11, what is -3a + -1927533?
-1927572
In base 16, what is e3808f - -1?
e38090
In base 3, what is 2021112 + -20110011?
-11011122
In base 8, what is 5 + 17522317?
17522324
In base 8, what is -13076326323 - -1?
-13076326322
In base 13, what is 43 + -295435?
-2953c2
In base 13, what is -b - 8408?
-8416
In base 8, what is 0 - 1771746112?
-1771746112
In base 15, what is -11e9e7a + -2?
-11e9e7c
In base 16, what is 2 + -146492?
-146490
In base 10, what is -18947441 - -8?
-18947433
In base 16, what is -149c - 47c?
-1918
In base 2, what is 101000010111100010010011011101 + 1?
101000010111100010010011011110
In base 8, what is -363 - 2120105?
-2120470
In base 13, what is -2982cc7 - -43?
-2982c84
In base 15, what is 484751 - -5?
484756
In base 8, what is 223 + 11541737?
11542162
In base 6, what is 212 + -52305241?
-52305025
In base 13, what is 563 + b4b2a?
b5390
In base 15, what is 49bd - -2b0?
4c7d
In base 4, what is -3011 - 13121002310?
-13121011321
In base 10, what is 0 + 48795833?
48795833
In base 8, what is -7 + 7312724?
7312715
In base 6, what is -104 - -53414315?
53414211
In base 10, what is -2 + 2588302?
2588300
In base 13, what is -75b5c9 + a?
-75b5bc
In base 6, what is -14000310 - -354?
-13555512
In base 16, what is -24ed4e - -8?
-24ed46
In base 7, what is 13256553155 + 3?
13256553161
In base 8, what is -567740 - 315?
-570255
In base 14, what is 3cd835 - 2a?
3cd809
In base 3, what is -10 - 122100100122111121?
-122100100122111201
In base 11, what is -491 - 53a8a5?
-540286
In base 3, what is -1000121211212121 - -110?
-1000121211212011
In base 7, what is 43356 + 10641?
54330
In base 9, what is -703 + -17673?
-18476
In base 6, what is 23544 + -24123?
-135
In base 14, what is 2 - 1c126a?
-1c1268
In base 14, what is -21cbd - -4?
-21cb9
In base 6, what is 444503 + -2530?
441533
In base 13, what is -6868811 + 4?
-686880a
In base 2, what is 1101110 - 1010010110011111100000?
-1010010110011101110010
In base 14, what is 833 - 18351?
-1791c
In base 9, what is 487213 - -1127?
488341
In base 9, what is -6 - -7811363?
7811356
In base 13, what is 57c + -16b72?
-165c3
In base 2, what is 110 - -10111001110111101100010?
10111001110111101101000
In base 6, what is 451223523 - -213?
451224140
In base 11, what is 1753 - -31988?
33630
In base 14, what is -ccac421 - -1?
-ccac420
In base 11, what is -17a2a94 + -137?
-17a3120
In base 15, what is -5941091 - -3?
-594108d
In base 3, what is 2101011000 - -2102102?
2110120102
In base 11, what is -90a7 + -131a?
-a416
In base 9, what is 4 + -733426012?
-733426007
In base 13, what is 15a640b + 5?
15a6413
In base 4, what is -2312000 + -1311?
-2313311
In base 3, what is 1022112011200 - -101202?
1022112120102
In base 5, what is -1 + -1244144300323?
-1244144300324
In base 10, what is -1516 - -75692?
74176
In base 16, what is -da - 4b92dc?
-4b93b6
In base 11, what is 34 + -105492?
-105459
In base 13, what is -2138b94 + 6?
-2138b8b
In base 13, what is 2b + a5a51?
a5a7c
In base 10, what is 4 - 50641968?
-50641964
In base 2, what is -11 + 111010011000100111010?
111010011000100110111
In base 7, what is -140250360 - -12?
-140250345
In base 15, what is -23420e + 1?
-23420d
In base 6, what is -2234341154 + -43?
-2234341241
In base 14, what is -4d + -6aad73?
-6aadc2
In base 6, what is 422 - -2155541?
2200403
In base 11, what is -156712 + 41?
-156681
In base 5, what is 2002 - 32203233?
-32201231
In base 10, what is -4150 - 21760?
-25910
In base 9, what is -1250 + -3216?
-4466
In base 11, what is -34636 - -3943?
-307a3
In base 4, what is 2223332213 + 300?
2223333113
In base 12, what is -a + -2778332?
-2778340
In base 9, what is 4 + -6330886?
-6330882
In base 9, what is -4 + 358745366?
358745362
In base 3, what is -110110 - -1012011002?
1011200122
In base 5, what is -3 + 12243332?
12243324
In base 7, what is -401141364 + -5?
-401141402
In base 4, what is -2021202110132 + 3?
-2021202110123
In base 5, what is -13341 + 14230444?
14212103
In base 5, what is 240421 - 3012343?
-2221422
In base 16, what is 3 + 14f6d9?
14f6dc
In base 16, what is -3 - 8267b?
-8267e
In base 5, what is -34223 + -233143?
-322421
In base 6, what is -4154454 - -423?
-4154031
In base 9, what is -27672 + 1178?
-26483
In base 9, what is 83041 + 247?
83288
In base 15, what is 0 - -294e4b7?
294e4b7
In base 14, what is -7d5 + -676?
-106b
In base 4, what is 22201202031210 + 22?
22201202031232
In base 3, what is 111022122021 + 122?
111022122220
In base 6, what is -13551 - -53442?
35451
In base 9, what is 883856173 + 3?
883856176
In base 13, what is 17b29 + 2a?
17b56
In base 15, what is -222d5 + -1713?
-239e8
In base 14, what is -5 + 1161aa?
1161a5
In base 7, what is 363 - 6144650?
-6144254
In base 4, what is 2301 - -111120130?
111123031
In base 15, what is 107 - -3d6839?
3d6941
In base 5, what is 43 - -140341310?
140341403
In base 6, what is 0 + 1114453124?
1114453124
In base 11, what is -32115 + 265?
-31960
In base 11, what is -193a4a8 - a2?
-193a59a
In base 10, what is -213662909 + -1?
-213662910
In base 16, what is -13db6e5 - 4?
-13db6e9
In base 14, what is -11cd5570 + -4?
-11cd5574
In base 8, what is -63 - -102563112?
102563027
In base 9, what is 422187 - -28?
422226
In base 5, what is 111440321301 + 31?
111440321332
In base 2, what is -110101110110110111 - 11001001?
-110101111010000000
In base 6, what is -1422124122 - -2?
-1422124120
In base 13, what is 5 + -1853453a?
-18534535
In base 12, what is -365319 + 54?
-365285
In base 6, what is 3 + 10223034034?
10223034041
In base 7, what is 4502360212 + 0?
4502360212
In base 10, what is 37453708 - 1?
37453707
In base 13, what is -22 + -b2b94?
-b2bb6
In base 13, what is -2850 - 109?
-2959
In base 11, what is 563a97 + -4?
563a93
In base 13, what is 2942 - -1026?
3968
In base 6, what is -2 - -1322242201?
1322242155
In base 2, what is -11001001010 - 1001111000101100100?
-1001111011110101110
In base 13, what is c84ca - a?
c84c0
In base 6, what is -12245004 + 200?
-12244404
In base 5, what is 211224413023 + 2?
211224413030
In base 4, what is 100023210202 + -30?
100023210112
In base 10, what is -709 - 58018?
-58727
In base 15, what is -8 - e9e8a1?
-e9e8a9
In base 2, what is -100 + 11010000101001100111111?
11010000101001100111011
In base 8, what is -470 + -42711?
-43401
In base 13, what is 10 - 65bba?
-65baa
In base 3, what is -112011012 + -120022?
-112201111
In base 9, what is 156 - 327053?
-326786
In base 10, what is 185819263 - 3?
185819260
In base 15, what is -2ba402 + -5?
-2ba407
In base 4, what is 1013313130 - -320?
1013320110
In base 8, what is 4221142 - 720?
4220222
In base 16, what is -3 - -896966?
896963
In base 2, what is 11101000000110000010010011 + -11?
11101000000110000010010000
In base 14, what is -3415a16 + 0?
-3415a16
In base 11, what is 5106779 + -2?
5106777
In base 4, what is -2023332210303 - 11?
-2023332210320
In base 10, what is 105463286 - -5?
105463291
In base 9, what is 637468722 - 3?
637468718
In base 6, what is 23145 + 14402251?
14425440
In base 8, what is 400 - -4046756?
4047356
In base 4, what is 10 - -2231230122031?
2231230122101
In base 10, what is 4612842 + -3?
4612839
In base 15, what is -a + 11a867a?
11a8670
In base 13, what is 4999c + -6?
49996
In base 11, what is -5546957a - -1?
-55469579
In base 12, what is 456a11 + -9?
456a04
In base 5, what is 1244 - 22242?
-20443
In base 13, what is 2ac2105 + 6?
2ac210b
In base 2, what is -100 - 100101000001000101011101?
-100101000001000101100001
In base 6, what is -3000 + -32232314?
-32235314
In base 5, what is 422303443001 + 12?
422303443013
In base 7, what is -2 - -1520163314?
1520163312
In base 2, what is 1000000011101 - 11100110110001101?
-11011110101110000
In base 15, what 